der when 63 is divided by n?
29
Let m = 363 + -354. Suppose -w + 25 = m. Calculate the remainder when 45 is divided by w.
13
Suppose 5*m + 4 = 7*m. Suppose 4*n + m*n = 36. Suppose 4*r - 2 = n*r, 0 = -o + 3*r + 79. Calculate the remainder when o is divided by 16.
12
Let y = 26189 - 26172. Calculate the remainder when y is divided by 2.
1
Suppose o - 10*o + 3*o = -114. What is the remainder when 1876 is divided by o?
14
What is the remainder when 9*((-2032)/(-48) - -12) is divided by 75?
39
Let y be 2 + 1 + -4 - (5 + -7). Let c(m) = 5*m**3 - 10*m + 11. Calculate the remainder when (-270)/(-8) - (-2)/8 is divided by c(y).
4
Suppose 5*w = -4*z - 764, -w + 0*z - 5*z = 136. Let f = -148 - w. What is the remainder when f is divided by 1?
0
Suppose -38 = -78*q + 76*q + 2*u, 3*u = -2*q + 18. Calculate the remainder when (3/12)/((-1)/(-236)) is divided by q.
14
Suppose -v - 30 = -7*v. Suppose h - 39 = v*o, 0 = 14*h - 15*h - o + 21. Calculate the remainder when 44 is divided by h.
20
Let l(k) = -k**3 + 10*k**2 - 8*k - 3. Let x(m) = -m**3 - 14*m**2 - 45*m + 32. Calculate the remainder when l(7) is divided by x(-6).
4
Suppose 246 = -353*m + 355*m. What is the remainder when 451 is divided by m?
82
Suppose 80384*w = 80336*w + 12048. Suppose 0 = t - 17 - 25. What is the remainder when w is divided by t?
41
Let i = 8706 - 8386. What is the remainder when i is divided by 89?
53
Suppose 160*t + 107360 = 240*t. What is the remainder when t is divided by 447?
1
Suppose 22 = 35*b - 24*b. Suppose -b*y = 19*y - 294. Calculate the remainder when y is divided by 9.
5
Suppose 480 = 5*j + 2*t - 1094, -3*j = 5*t - 933. Calculate the remainder when j is divided by 128.
60
Let p(f) = 4*f**2 + 4*f - 12. Let s be p(-3). Suppose s*h - 1034 + 290 = 0. What is the remainder when h is divided by 3?
2
Let p = 17922 - 16689. Calculate the remainder when p is divided by 141.
105
Suppose -3 = -5*p + 12. Suppose p*i - 77 = -26. What is the remainder when i is divided by 10 - (-15)/((-105)/7)?
8
Suppose -6*r = -1313 + 29. Let q = -201 + r. What is the remainder when q is divided by 1?
0
Let k(j) = -138*j + 37. Let t be k(-3). Let u = t + -392. Calculate the remainder when u is divided by 3/4 + 74/8.
9
Let i(q) = 32*q - 239. Let k be i(11). Suppose 85*o - k*o + 308 = 0. Suppose -2*m - 172 = -6*m. Calculate the remainder when m is divided by o.
10
Let m(p) = -p**2 + 46*p + 1738. Let q(s) = -8*s + 1. Calculate the remainder when m(-24) is divided by q(-3).
8
Suppose 2*n + 3*i = 55 + 34, n = 5*i + 38. What is the remainder when 2964 is divided by n?
40
Let f be 3/(54/4) + 130/(-18). Let m be f/(-26 + -2) - 74/8. Let r(n) = 2*n**2 + 11*n + 5. Calculate the remainder when r(m) is divided by 35.
33
Let l be (-6)/(10/((-14360)/12)). Let b = -387 + l. What is the remainder when b is divided by 85?
76
Let c = -367 + 367. Suppose 2*j = 5*k - 617, -2*k + 3*j + 64 + 185 = c. What is the remainder when k is divided by 26?
19
Suppose 2 = 4*o - 3*o. Let h be ((-14)/6)/(6/(-72)). Suppose 0 = o*z - 78 + h. Calculate the remainder when 73 is divided by z.
23
Let s be -127 - 9 - (-2 - (6 + -4)). Let p = 144 + s. Calculate the remainder when (-1 + 1)/1 + 35 is divided by p.
11
Calculate the remainder when 2702/5 - ((546/30)/13 - 1) is divided by 235.
70
Let v(p) = -16*p**2 + 11*p - 29 - 7 + 17*p**2 + 3. Calculate the remainder when 51 is divided by v(-14).
6
Let x(z) = 7*z + 7. Let n = 8 - 2. Let i be x(n). Let p = i - 18. What is the remainder when 121 is divided by p?
28
Let r(x) = x**3 + 6*x**2 + 13*x + 42. Let t be (-9)/12*(-176)/(-33). Suppose 0*b - 2*b = -218. What is the remainder when b is divided by r(t)?
21
Let f(n) = n**2 + 3*n - 2. Suppose -2372 = -32*l + 476. Suppose -2*h + l = 39. Calculate the remainder when h is divided by f(-6).
9
Suppose -2*a + 49 = m, 7*a - 2*a - 3*m = 128. Calculate the remainder when 99 is divided by a.
24
Suppose 9*r = 6*r + 4*l + 41, 3*l = 3*r - 42. Calculate the remainder when (-104)/(-10)*10/4 is divided by r.
11
Suppose 0 = 3*y + 3*a - 174, 19*a - 28 + 18 = 2*y. Calculate the remainder when 1590 is divided by y.
30
Suppose -464*j + 1453*j = 14835. Calculate the remainder when 128*(-2 + 0)/(-2) is divided by j.
8
Suppose 4*u = -5*s + 2957, -23*u + 22*u + 758 = 5*s. What is the remainder when u is divided by 67?
63
Let i(b) = 39*b + 6. Suppose 201*s - 5182 = 79*s + 796. Calculate the remainder when i(6) is divided by s.
44
Let m be (1*3)/((-45)/(-24) + -2). Let n = 0 + 2. What is the remainder when 1/1 + (-144)/m is divided by n?
1
Let v(a) = a**2 - 33*a + 742. What is the remainder when v(24) is divided by 10?
6
Let n be -26*(-2 - (3 - (-568)/(-16))). Let l = n - -836. Suppose -t - 341 = -2*k, 4*t + 668 = 3*k + 144. Calculate the remainder when k is divided by l.
39
Calculate the remainder when 219 is divided by (-17 + 16 + 0 + 5)/(5 - 4).
3
Let c(x) = -x**3 + 39*x**2 - 63*x - 239. What is the remainder when c(37) is divided by 80?
8
Let x be ((-111)/(-74))/(1/206). Let j = x - 301. Suppose -s + 56 = 3*o, 335 = 5*s - 3*o + 7*o. What is the remainder when s is divided by j?
7
Let n = -11076 - -11589. What is the remainder when n is divided by 31?
17
Calculate the remainder when 8*(-813)/(-24) - -1 is divided by 58/8 + (-3)/12.
6
Let s = 184 + 30. Suppose -4*n - s = -14. Let o = -18 - n. Calculate the remainder when o is divided by 18.
14
Let q = -13381 - -13440. Calculate the remainder when 1060 is divided by q.
57
Suppose 0 = 2*m - 4*a - 24, m + 2*a - 15 = a. Suppose -g + 55 = -54. Calculate the remainder when g is divided by m.
11
Let h = 4541 + -4473. What is the remainder when 80 is divided by h?
12
Let p(t) = 21*t**2 - 4*t + 3. Let f(o) = 5*o - 40. Let y be f(7). Let q be p(y). Suppose -8*x + q = -220. Calculate the remainder when x is divided by 11.
8
Let k be 1/((-1)/((-10)/(-18)) + 2). Suppose 2*t - 18 = k*v, 13*v + 20 = 18*v. Suppose 0 = 2*w - 85 - 101. What is the remainder when w is divided by t?
17
Let o(f) = 2*f**2 + f + 1. Let x be o(-6). Let n be (5 - (-24)/(-4))*-71. Let u = n - x. Calculate the remainder when 13 is divided by u.
1
Suppose -r = 3*q - 617, -r - 4*q + 118 = -504. Calculate the remainder when r is divided by 47.
38
Suppose -36*y + 20*y + y + 21555 = 0. Calculate the remainder when y is divided by 20.
17
Let r = 9 - 4. Suppose q + 20 = -4*j - 3*q, 21 = -3*j - r*q. What is the remainder when 32 is divided by (-15*1/(-3))/(j/(-4))?
2
Suppose -4*o + 5*r + 55 = 0, 0 = -3*r + r - 6. Suppose y = o*y - 270. What is the remainder when y is divided by 215/20 + (-2)/(-8)?
8
Let v = -7 - -29. Suppose -2678*q + 1327*q + 6020 = -1316*q. What is the remainder when q is divided by v?
18
Let l = 213 + -209. Suppose 6*f - l*f - 80 = 0. Calculate the remainder when 158 is divided by f.
38
Let t = -13823 + 14574. What is the remainder when t is divided by 24?
7
Let l be (-32)/(-6)*21/14. Let a(k) = k**2 - 7*k - 8. Let j be a(l). Suppose j = 7*h + 65 - 212. What is the remainder when 29 is divided by h?
8
Suppose -39*f + 85*f - 89216 = -118*f. What is the remainder when f is divided by 115?
84
Suppose -3*l + 135 = -99. Let d = l + -62. Suppose 8*q = 7 + 49. Calculate the remainder when d is divided by q.
2
Let k = 1852 + -1840. What is the remainder when 2879 is divided by k?
11
Suppose 4*x - 1066 = -966. Suppose -x*q + 27*q = 32. Calculate the remainder when q is divided by 5.
1
Suppose 4*v - 4629 = 4*o + 4859, 0 = 5*o - 30. What is the remainder when v is divided by 35?
33
Let f = 57 + -24. Suppose -770*a = -783*a + 208. Let n = f - a. What is the remainder when n is divided by 6?
5
Let f(b) = 3*b**2 + 98*b + 189. Calculate the remainder when 97 is divided by f(-31).
29
Suppose 246*q = -139*q + 11550. Calculate the remainder when 788 is divided by q.
8
Suppose 0 = -5*y, -5*g = -5*y - 455 + 60. Suppose 236 + 496 = -3*i. What is the remainder when g is divided by 2/6 + i/(-6)?
38
Suppose -16*u - 191 = -1167. What is the remainder when 417 is divided by u?
51
Suppose 40964*s - 214745 = 40935*s. Calculate the remainder when s is divided by 7.
6
Suppose 0 = 6*p - 12*p - 2562. Let b = 622 + p. What is the remainder when b is divided by 38?
5
Let s(z) = -2*z**3 + 89*z**2 + 131*z - 67. Calculate the remainder when s(42) is divided by 81.
80
Let f = 42 + 16.